{"id":3974,"date":"2025-04-19T11:55:51","date_gmt":"2025-04-19T09:55:51","guid":{"rendered":"https:\/\/7com7.fr\/?page_id=3974"},"modified":"2025-04-24T22:21:37","modified_gmt":"2025-04-24T20:21:37","slug":"electricite-a-prix-fixe-ou-indexe-comment-choisir","status":"publish","type":"page","link":"https:\/\/7com7.fr\/index.php\/electricite-a-prix-fixe-ou-indexe-comment-choisir\/","title":{"rendered":"Electricit\u00e9 \u00e0 prix fixe ou index\u00e9 : comment choisir ?"},"content":{"rendered":"<p class=\"intro\">La principale diff\u00e9rence entre une \u00e9lectricit\u00e9 \u00e0 prix fixe et \u00e0 prix index\u00e9 est qu&rsquo;avec le prix fixe, les tarifs sont bloqu\u00e9s pendant toute la dur\u00e9e du contrat, tandis qu&rsquo;avec le prix index\u00e9, vos prix \u00e9voluent selon les tarifs r\u00e9glement\u00e9s, c&rsquo;est-\u00e0-dire 2 fois par an. Le point commun des prix fixes et index\u00e9s, toutefois, est que ce sont des contrats sans engagement. Concr\u00e8tement, cela signifie que vous pouvez passer du prix fixe au prix index\u00e9 (ou inversement) \u00e0 tout moment et gratuitement.<\/p>\n<div class=\"u-display--none u-display--lg-block\"><\/div>\n<div class=\"content__wrapper\">\n<h2 id=\"principales-differences-entre-le-prix-fixe-et-le-prix-indexe\">Principales diff\u00e9rences entre le prix fixe et le prix index\u00e9<\/h2>\n<p>Les principales diff\u00e9rences entre une offre \u00e0 prix fixe et une offre \u00e0 prix index\u00e9 r\u00e9sident dans la mani\u00e8re dont les tarifs sont d\u00e9termin\u00e9s et peuvent \u00e9voluer au fil du temps :<\/p>\n<ul class=\"list--check\">\n<li>Avec le prix fixe : le prix du kWh HT (donc le prix des consommations) est bloqu\u00e9 pendant toute la dur\u00e9e du contrat. La p\u00e9riode de fixit\u00e9 varie selon les fournisseurs, mais elle est g\u00e9n\u00e9ralement comprise <strong>entre 1 et 4 ans<\/strong> ;<\/li>\n<li>Avec le prix index\u00e9 : le prix du kWh HT varie suivant les tarifs r\u00e9glement\u00e9s de l&rsquo;\u00e9lectricit\u00e9, \u00e0 la hausse comme \u00e0 la baisse. \u00c0 savoir que les tarifs r\u00e9glement\u00e9s \u00e9voluent deux fois par an, en f\u00e9vrier et en ao\u00fbt. Ils sont fix\u00e9s par les pouvoirs publics, sur recommandation de la CRE.<\/li>\n<\/ul>\n<p>La question est donc de savoir quand et pourquoi choisir une \u00e9lectricit\u00e9 \u00e0 prix fixe ou \u00e0 prix index\u00e9.<\/p>\n<\/div>\n<div class=\"content__wrapper\">\n<h2 id=\"quand-choisir-l-electricite-a-prix-fixe\">Quand choisir l&rsquo;\u00e9lectricit\u00e9 \u00e0 prix fixe ?<\/h2>\n<p><img decoding=\"async\" class=\"lazyload aligncenter size-full wp-image-3982\" src=\"https:\/\/7com7.fr\/wp-content\/uploads\/2025\/04\/Offre-fixe-Elec.png\" data-orig-src=\"https:\/\/7com7.fr\/wp-content\/uploads\/2025\/04\/Offre-fixe-Elec.png\" alt=\"\" width=\"1920\" height=\"1080\" srcset=\"data:image\/svg+xml,%3Csvg%20xmlns%3D%27http%3A%2F%2Fwww.w3.org%2F2000%2Fsvg%27%20width%3D%271920%27%20height%3D%271080%27%20viewBox%3D%270%200%201920%201080%27%3E%3Crect%20width%3D%271920%27%20height%3D%271080%27%20fill-opacity%3D%220%22%2F%3E%3C%2Fsvg%3E\" data-srcset=\"https:\/\/7com7.fr\/wp-content\/uploads\/2025\/04\/Offre-fixe-Elec-200x113.png 200w, https:\/\/7com7.fr\/wp-content\/uploads\/2025\/04\/Offre-fixe-Elec-300x169.png 300w, https:\/\/7com7.fr\/wp-content\/uploads\/2025\/04\/Offre-fixe-Elec-400x225.png 400w, https:\/\/7com7.fr\/wp-content\/uploads\/2025\/04\/Offre-fixe-Elec-600x338.png 600w, https:\/\/7com7.fr\/wp-content\/uploads\/2025\/04\/Offre-fixe-Elec-768x432.png 768w, https:\/\/7com7.fr\/wp-content\/uploads\/2025\/04\/Offre-fixe-Elec-800x450.png 800w, https:\/\/7com7.fr\/wp-content\/uploads\/2025\/04\/Offre-fixe-Elec-1024x576.png 1024w, https:\/\/7com7.fr\/wp-content\/uploads\/2025\/04\/Offre-fixe-Elec-1200x675.png 1200w, https:\/\/7com7.fr\/wp-content\/uploads\/2025\/04\/Offre-fixe-Elec-1536x864.png 1536w, https:\/\/7com7.fr\/wp-content\/uploads\/2025\/04\/Offre-fixe-Elec.png 1920w\" data-sizes=\"auto\" data-orig-sizes=\"(max-width: 1920px) 100vw, 1920px\" \/><\/p>\n<figure class=\"image-box center\"><\/figure>\n<p>En bref, l&rsquo;\u00e9lectricit\u00e9 \u00e0 prix fixe est la solution id\u00e9ale :<\/p>\n<ul class=\"list--check\">\n<li>Si vous souhaitez avoir une visibilit\u00e9 claire sur vos d\u00e9penses \u00e9nerg\u00e9tiques et \u00e9viter les surprises li\u00e9es aux fluctuations du march\u00e9 ;<\/li>\n<li>Si vous craignez des augmentations futures des tarifs de l&rsquo;\u00e9nergie ;<\/li>\n<li>Si vous avez l&rsquo;intention de rester longtemps dans votre logement et que vous pr\u00e9f\u00e9rez \u00e9viter de ren\u00e9gocier ou de changer fr\u00e9quemment de contrat.<\/li>\n<\/ul>\n<div class=\"in-short row filled secondary\">\n<p>\u00a0Attention aux id\u00e9es re\u00e7ues sur le prix fixe. En choisissant une \u00e9lectricit\u00e9 \u00e0 prix fixe :<\/p>\n<ul class=\"list--cross\">\n<li><strong>Vous ne payez pas forc\u00e9ment le m\u00eame montant tous les mois<\/strong>. Votre facture continue d&rsquo;\u00e9voluer en fonction de vos consommations. Vous ne payez le m\u00eame montant que si vous optez pour la mensualisation ;<\/li>\n<li><strong>Votre prix TTC n&rsquo;est pas prot\u00e9g\u00e9 des hausses<\/strong>. Seul le prix du kWh HT est bloqu\u00e9. En cas de hausse des taxes, vous subissez aussi l&rsquo;augmentation ;<\/li>\n<li><strong>Votre contrat ne vous engage pas sur la dur\u00e9e<\/strong>. Un contrat \u00e0 prix fixe pendant 3 ans ne signifie pas que vous devez conserver le m\u00eame contrat pendant 3 ans. Vous pouvez r\u00e9silier \u00e0 tout moment.<\/li>\n<\/ul>\n<\/div>\n<h3 id=\"a-l-annonce-d-une-hausse-des-prix-de-l-electricite\">\u00c0 l&rsquo;annonce d&rsquo;une hausse des prix de l&rsquo;\u00e9lectricit\u00e9<\/h3>\n<p>Lorsque les pr\u00e9visions ou les annonces indiquent une augmentation prochaine des tarifs de l&rsquo;\u00e9nergie, opter pour un prix fixe vous permet de verrouiller le tarif actuel, vous prot\u00e9geant ainsi des hausses futures. Cela signifie que lorsque les prix du march\u00e9 augmentent, votre tarif par kilowattheure (kWh) restera constant.<\/p>\n<p>Voil\u00e0 pourquoi les prix fixes \u00e9taient particuli\u00e8rement int\u00e9ressants pendant les hausses cons\u00e9cutives des prix de l&rsquo;\u00e9nergie. Le tarif r\u00e9glement\u00e9 a d&rsquo;ailleurs beaucoup augment\u00e9 depuis maintenant plusieurs ann\u00e9es :<\/p>\n<p>&nbsp;<\/p>\n<div class=\"chart-container chart-container--size-2 \"><\/div>\n<\/div>\n<div class=\"content__wrapper\">\n<div class=\"chart-container chart-container--size-2 \" style=\"text-align: center;\" data-wp-editing=\"1\"><img decoding=\"async\" class=\"lazyload aligncenter wp-image-3994 size-full\" src=\"https:\/\/7com7.fr\/wp-content\/uploads\/2025\/04\/Presentation1-1.png\" data-orig-src=\"https:\/\/7com7.fr\/wp-content\/uploads\/2025\/04\/Presentation1-1.png\" alt=\"\" width=\"1280\" height=\"720\" srcset=\"data:image\/svg+xml,%3Csvg%20xmlns%3D%27http%3A%2F%2Fwww.w3.org%2F2000%2Fsvg%27%20width%3D%271280%27%20height%3D%27720%27%20viewBox%3D%270%200%201280%20720%27%3E%3Crect%20width%3D%271280%27%20height%3D%27720%27%20fill-opacity%3D%220%22%2F%3E%3C%2Fsvg%3E\" data-srcset=\"https:\/\/7com7.fr\/wp-content\/uploads\/2025\/04\/Presentation1-1-200x113.png 200w, https:\/\/7com7.fr\/wp-content\/uploads\/2025\/04\/Presentation1-1-300x169.png 300w, https:\/\/7com7.fr\/wp-content\/uploads\/2025\/04\/Presentation1-1-400x225.png 400w, https:\/\/7com7.fr\/wp-content\/uploads\/2025\/04\/Presentation1-1-600x338.png 600w, https:\/\/7com7.fr\/wp-content\/uploads\/2025\/04\/Presentation1-1-768x432.png 768w, https:\/\/7com7.fr\/wp-content\/uploads\/2025\/04\/Presentation1-1-800x450.png 800w, https:\/\/7com7.fr\/wp-content\/uploads\/2025\/04\/Presentation1-1-1024x576.png 1024w, https:\/\/7com7.fr\/wp-content\/uploads\/2025\/04\/Presentation1-1-1200x675.png 1200w, https:\/\/7com7.fr\/wp-content\/uploads\/2025\/04\/Presentation1-1.png 1280w\" data-sizes=\"auto\" data-orig-sizes=\"(max-width: 1280px) 100vw, 1280px\" \/>Pour une puissance de 9 kVA et une consommation de 8500 kWh\/an dont 50% en heures creuses &#8211; Source: CRE et 7com7 &#8211; Graphique: 7com7<\/div>\n<h3 id=\"quand-la-duree-de-fixite-est-suffisamment-longue\">Quand la dur\u00e9e de fixit\u00e9 est suffisamment longue<\/h3>\n<p>L&rsquo;\u00e9lectricit\u00e9 \u00e0 prix fixe est int\u00e9ressante quand la dur\u00e9e de fixit\u00e9 est suffisamment longue. En effet, les prix fixes sont g\u00e9n\u00e9ralement plus chers \u00e0 la souscription &#8211; <strong>une mani\u00e8re pour le fournisseur d&rsquo;assumer le risque de variations de prix sur le march\u00e9 de l&rsquo;\u00e9nergie<\/strong>. Car, vous l&rsquo;aurez compris, si les prix augmentent, le fournisseur ne peut pas augmenter les tarifs pour les clients ayant souscrit \u00e0 un prix fixe. Ainsi, pour se pr\u00e9munir contre ces augmentations et pour maintenir leur marge b\u00e9n\u00e9ficiaire, ils fixent des prix plus \u00e9lev\u00e9s d\u00e8s le d\u00e9part.<\/p>\n<p>Ce surco\u00fbt est difficile \u00e0 rentabiliser en un an. Voil\u00e0 pourquoi le prix fixe est surtout recommand\u00e9 quand la p\u00e9riode de fixit\u00e9 est d&rsquo;au moins 2 ans.<\/p>\n<h3 id=\"quand-le-prix-du-kwh-est-competitif-a-la-souscription\">Quand le prix du kWh est comp\u00e9titif \u00e0 la souscription<\/h3>\n<p>C&rsquo;est logique, en souscrivant une offre \u00e0 prix fixe dont les tarifs sont comp\u00e9titifs, vous vous assurez de <strong>profiter d&rsquo;un prix bas pendant toute la dur\u00e9e de votre contrat<\/strong>. Si le tarif que vous obtenez \u00e0 la souscription est bas par rapport aux pr\u00e9visions du march\u00e9, vous pouvez r\u00e9aliser des \u00e9conomies significatives sur la dur\u00e9e de votre contrat. Les \u00e9conomies potentielles sont d&rsquo;autant plus importantes si les prix de l&rsquo;\u00e9nergie augmentent au cours de votre p\u00e9riode contractuelle.<\/p>\n<p>Au contraire, <strong>si vous souscrivez une offre \u00e0 prix fixe dont les tarifs sont \u00e9lev\u00e9s, vous ne b\u00e9n\u00e9ficiez d&rsquo;aucun avantage \u00e9conomique<\/strong>. Comme mentionn\u00e9 plus haut, les offres \u00e0 prix fixe sont souvent plus ch\u00e8res \u00e0 la souscription, mais en comparant les offres sur le march\u00e9, il n&rsquo;est pas rare de trouver des tarifs comp\u00e9titifs.<\/p>\n<p>&nbsp;<\/p>\n<\/div>\n<div class=\"content__wrapper\">\n<h2 id=\"quand-choisir-l-electricite-a-prix-indexe\">Quand choisir l&rsquo;\u00e9lectricit\u00e9 \u00e0 prix index\u00e9 ?<\/h2>\n<p><img decoding=\"async\" class=\"lazyload aligncenter size-full wp-image-3983\" src=\"https:\/\/7com7.fr\/wp-content\/uploads\/2025\/04\/Offre-indexee-Elec.png\" data-orig-src=\"https:\/\/7com7.fr\/wp-content\/uploads\/2025\/04\/Offre-indexee-Elec.png\" alt=\"\" width=\"1920\" height=\"1080\" srcset=\"data:image\/svg+xml,%3Csvg%20xmlns%3D%27http%3A%2F%2Fwww.w3.org%2F2000%2Fsvg%27%20width%3D%271920%27%20height%3D%271080%27%20viewBox%3D%270%200%201920%201080%27%3E%3Crect%20width%3D%271920%27%20height%3D%271080%27%20fill-opacity%3D%220%22%2F%3E%3C%2Fsvg%3E\" data-srcset=\"https:\/\/7com7.fr\/wp-content\/uploads\/2025\/04\/Offre-indexee-Elec-200x113.png 200w, https:\/\/7com7.fr\/wp-content\/uploads\/2025\/04\/Offre-indexee-Elec-300x169.png 300w, https:\/\/7com7.fr\/wp-content\/uploads\/2025\/04\/Offre-indexee-Elec-400x225.png 400w, https:\/\/7com7.fr\/wp-content\/uploads\/2025\/04\/Offre-indexee-Elec-600x338.png 600w, https:\/\/7com7.fr\/wp-content\/uploads\/2025\/04\/Offre-indexee-Elec-768x432.png 768w, https:\/\/7com7.fr\/wp-content\/uploads\/2025\/04\/Offre-indexee-Elec-800x450.png 800w, https:\/\/7com7.fr\/wp-content\/uploads\/2025\/04\/Offre-indexee-Elec-1024x576.png 1024w, https:\/\/7com7.fr\/wp-content\/uploads\/2025\/04\/Offre-indexee-Elec-1200x675.png 1200w, https:\/\/7com7.fr\/wp-content\/uploads\/2025\/04\/Offre-indexee-Elec-1536x864.png 1536w, https:\/\/7com7.fr\/wp-content\/uploads\/2025\/04\/Offre-indexee-Elec.png 1920w\" data-sizes=\"auto\" data-orig-sizes=\"(max-width: 1920px) 100vw, 1920px\" \/><\/p>\n<figure class=\"image-box center\"><\/figure>\n<p>En bref, l&rsquo;\u00e9lectricit\u00e9 \u00e0 prix index\u00e9 est une solution id\u00e9ale :<\/p>\n<ul class=\"list--check\">\n<li>Si les tendances du march\u00e9 indiquent une possible baisse des prix de l&rsquo;\u00e9lectricit\u00e9 ;<\/li>\n<li>Si vous pr\u00e9f\u00e9rez des engagements \u00e0 court terme ;<\/li>\n<li>Si vous \u00eates bien inform\u00e9 et \u00eates pr\u00eat \u00e0 changer de contrat en cas d&rsquo;augmentation des prix de l&rsquo;\u00e9lectricit\u00e9.<\/li>\n<\/ul>\n<h3 id=\"quand-les-prix-sont-stables-sur-le-marche\">Quand les prix sont stables sur le march\u00e9<\/h3>\n<p>Le principal avantage des contrats \u00e0 prix index\u00e9 est qu&rsquo;ils permettent de <strong>profiter imm\u00e9diatement de toute baisse de prix<\/strong>. Dans un march\u00e9 stable, m\u00eame de petites fluctuations peuvent \u00eatre avantageuses. De plus, dans un contexte de stabilit\u00e9 des prix, le risque de hausses soudaines est faible, ce qui rend l&rsquo;offre \u00e0 prix index\u00e9 moins risqu\u00e9e.<\/p>\n<p>Par exemple, le prix index\u00e9 est de nouveau avantageux actuellement, mais ne l&rsquo;a pas \u00e9t\u00e9 pendant la crise \u00e9nerg\u00e9tique de 2021. On peut voir dans le graphique ci-dessous que les prix de l&rsquo;\u00e9lectricit\u00e9 en Europe sont globalement \u00e0 la baisse dans toute l&rsquo;Europe :<\/p>\n<div class=\"chart-container chart-container--size-2 \"><\/div>\n<\/div>\n<h3 id=\"quand-la-reduction-sur-le-prix-du-kwh-est-significative\">Quand la r\u00e9duction sur le prix du kWh est significative<\/h3>\n<p>Il est l\u00e0 tout l&rsquo;int\u00e9r\u00eat des prix index\u00e9s : les fournisseurs appliquent souvent un pourcentage de r\u00e9ductions sur leur prix du kWh dans le cadre d&rsquo;une offre \u00e0 prix index\u00e9. Cela signifie que les prix \u00e9voluent bien \u00e0 la hausse et \u00e0 la baisse, mais m\u00eame en cas de hausse, <strong>vos prix restent X% moins chers que le tarif r\u00e9glement\u00e9<\/strong>.<\/p>\n<p>Actuellement, les fournisseurs proposent des prix cass\u00e9s, avec un prix pouvant \u00eatre jusqu&rsquo;\u00e0 <strong>9.7% moins cher<\/strong> que le TRV ! Vous ne pouvez qu&rsquo;\u00eatre gagnant !<\/p>\n","protected":false},"excerpt":{"rendered":"<p>La principale diff\u00e9rence entre une \u00e9lectricit\u00e9 \u00e0 prix fixe et  [&#8230;]<\/p>\n","protected":false},"author":1,"featured_media":0,"parent":0,"menu_order":0,"comment_status":"closed","ping_status":"closed","template":"100-width.php","meta":{"_acf_changed":false,"footnotes":""},"class_list":["post-3974","page","type-page","status-publish","hentry"],"acf":[],"_links":{"self":[{"href":"https:\/\/7com7.fr\/index.php\/wp-json\/wp\/v2\/pages\/3974","targetHints":{"allow":["GET"]}}],"collection":[{"href":"https:\/\/7com7.fr\/index.php\/wp-json\/wp\/v2\/pages"}],"about":[{"href":"https:\/\/7com7.fr\/index.php\/wp-json\/wp\/v2\/types\/page"}],"author":[{"embeddable":true,"href":"https:\/\/7com7.fr\/index.php\/wp-json\/wp\/v2\/users\/1"}],"replies":[{"embeddable":true,"href":"https:\/\/7com7.fr\/index.php\/wp-json\/wp\/v2\/comments?post=3974"}],"version-history":[{"count":6,"href":"https:\/\/7com7.fr\/index.php\/wp-json\/wp\/v2\/pages\/3974\/revisions"}],"predecessor-version":[{"id":3995,"href":"https:\/\/7com7.fr\/index.php\/wp-json\/wp\/v2\/pages\/3974\/revisions\/3995"}],"wp:attachment":[{"href":"https:\/\/7com7.fr\/index.php\/wp-json\/wp\/v2\/media?parent=3974"}],"curies":[{"name":"wp","href":"https:\/\/api.w.org\/{rel}","templated":true}]}}